7 - -9. List the prime factors of 6 + 6/d + -1.
2
Let s be 0 + (-1 - -2) - -1. Suppose -s*m - 3*m + 65 = 0. Suppose 0 = 3*q - m - 2. List the prime factors of q.
5
Suppose 0 = -5*t + 1 + 9. Suppose -33 = -t*v - v. List the prime factors of v.
11
Let s = 113 - 53. List the prime factors of s.
2, 3, 5
Let r(t) = -33*t - 2. What are the prime factors of r(-4)?
2, 5, 13
Let t(p) = p**3 + 6*p**2 + 4*p + 3. Suppose 4*n = b + 2, 7*b = 2*b + 3*n + 7. Suppose 17 = -h + 4*q, 4*h - q + 13 = b*h. What are the prime factors of t(h)?
2
Let g = 10 + -6. Suppose b = 3*b - g. Let p(h) = 2*h**3 - 3*h**2 + 1. List the prime factors of p(b).
5
Let c(w) = -w**2 - 2 + 15*w + w**3 + 4 - 16*w. Suppose -5*j = -2*j. List the prime factors of c(j).
2
Let d(b) = 5 + 4 - 2 + 4*b - 3. Let j be d(-3). Let g(n) = -n**3 - 7*n**2 + 8*n + 3. List the prime factors of g(j).
3
Let h(l) be the third derivative of 2*l**5/15 + l**4/24 - 2*l**3/3 - 2*l**2. List the prime factors of h(-2).
2, 13
Let k be 15*2/18*3. Suppose -k = -5*r - 20. What are the prime factors of ((-1)/r)/(3/81)?
3
Let o(v) = 42*v + 1. What are the prime factors of o(1)?
43
Let w = 247 + -69. List the prime factors of w.
2, 89
Let p = -2 + 1. Let w be p + (9 - 3)/3. Let b = w - -3. List the prime factors of b.
2
Suppose -4 = -5*r + 6. Suppose 2*d + v = 74, 3*d + r*d + 2*v = 186. List the prime factors of d.
2, 19
Suppose 0 = 4*k + 3*u + 39, 0*k = -k - 3*u - 3. List the prime factors of (6/4)/(k/(-184)).
23
Let s = -4 - -2. List the prime factors of 2 + ((-8)/s - -2).
2
Suppose 0*y - 42 = -6*y. List the prime factors of y.
7
Let k = 17 - -32. What are the prime factors of k?
7
Suppose -5*q - b = -165, -5*q + 135 = -0*q - 5*b. What are the prime factors of q?
2
Let z = 242 + -57. List the prime factors of z.
5, 37
Let g = 32 + 27. List the prime factors of g.
59
Let b = -2 - -8. List the prime factors of (-6)/b*3/(-1).
3
Let o = 10 - 2. Suppose 7*f - o*f + 13 = 0. List the prime factors of f.
13
Let c(j) = j - 2. Let b be c(6). Suppose b*s - 18 = q, -4*s + 30 - 10 = -2*q. What are the prime factors of s?
2
Let i(b) = -b**3 - 12*b**2 - 12*b - 6. Suppose -5*f = 58 - 3. Let d be i(f). Let z = d + 0. List the prime factors of z.
5
Suppose 0 = -2*y + 7 - 13. Let r = 8 - y. List the prime factors of r.
11
What are the prime factors of (-3696)/(-108) - 4/18?
2, 17
Let l = 67 - 39. Suppose y + l = -5*b + 5, 2*y + 3*b = -11. What are the prime factors of (-24)/(-4)*2/y?
2, 3
Let t = -26 - -77. Suppose -4*h + 189 = -t. What are the prime factors of h?
2, 3, 5
Let r(x) = 4*x + 9. What are the prime factors of r(7)?
37
Suppose -3*h - 6 = -0*h. Let l(r) = 7*r**2 + 2. What are the prime factors of l(h)?
2, 3, 5
Let l be (-2 - (-6)/4)*46. Let j(d) = 15*d + 2. Let p be j(2). Let f = l + p. What are the prime factors of f?
3
Let b(m) = -12*m + 14. List the prime factors of b(-5).
2, 37
Let a(w) = w**3 - 15*w**2 + 13*w + 8. Let t be a(14). What are the prime factors of (-12)/(0 - (-9)/t)?
2
Let d be -4 - -1 - (-143 + 0). Suppose -6*s + 2*s + d = 0. What are the prime factors of s?
5, 7
Let u(h) = 6*h + 4. Let q(c) = -5*c - 3. Let f(j) = 5*q(j) + 4*u(j). What are the prime factors of f(-4)?
5
Let f be (-2)/12 - (-143)/66. Suppose 27 + 29 = 5*h - 2*q, -f*h = 5*q - 5. List the prime factors of h.
2, 5
Let v = 182 + -93. List the prime factors of v.
89
Suppose -g = g - 98. Suppose -2*o + 10 = 3*o. Suppose o*y = -x + 13, -7*x + 2*x - 2*y + g = 0. List the prime factors of x.
3
Let y = 0 + -5. What are the prime factors of (-70)/4*4/y?
2, 7
Let k be 5/(15/6) - -13. Suppose -4*d + 3*h - k = -3, -2*d + h - 8 = 0. What are the prime factors of d/((-2)/(48/9))?
2
Let j(c) = c. Let i be j(3). Suppose -5*m = i*b + 4, -2*b + m + 2 + 4 = 0. Suppose -71 = -4*g + 5*t + b, 2*g - 9 = -3*t. List the prime factors of g.
2, 3
Let t = -27 + 9. Suppose -11 = -4*a + a + z, -4*a - z = -17. What are the prime factors of a/t - (-692)/36?
19
Suppose -5*h + 2*a = -a - 8, 28 = 4*h + 3*a. Let m = h - 2. Suppose m*s = -2 + 8. What are the prime factors of s?
3
List the prime factors of 2 + 1 + (-6 - -48).
3, 5
Let j(f) = 13*f + 2. List the prime factors of j(1).
3, 5
Suppose 22 = -3*t - 2*y - 15, y - 64 = 4*t. Let p = t - -23. List the prime factors of p.
2
Suppose -5*w - 3*q + 189 = -2*w, -2*w - q = -125. Let l = w + -37. What are the prime factors of l?
5
Suppose -4 = -4*j - 12. Let b be -7*2/(-4)*j. List the prime factors of (-72)/b - (-2)/(-7).
2, 5
List the prime factors of (-86)/(-5) + (-2)/10.
17
Let t(o) = -o + 3*o + 2*o. Suppose -5*j + 4*g - 7 = -21, -5*j = -5*g - 15. What are the prime factors of t(j)?
2
Let p(i) = -i**2 - 2 - 3*i + 2 + 10*i. Let z be p(7). List the prime factors of (z - -20)*16/20.
2
Let a(o) = o**3 - 7*o**2 - 3*o + 11. Suppose 3*q = 4*s - 32, 0*s - 3*q = 2*s - 16. What are the prime factors of a(s)?
3, 17
Suppose -3*a + 81 = -51. Suppose 3*b - a = -b. Suppose 2*x + d - 22 = 0, -x + 0*x + b = d. What are the prime factors of x?
11
Let t = -11 + 15. Suppose -f + 0 = -4*l - 23, 32 = 4*f - 4*l. Suppose 2*s - 34 = g + 2*g, t*g + 49 = f*s. What are the prime factors of s?
11
Let v be 64 - 7/((-14)/4). Suppose 5*g - 3*h = -8 + 158, 3*g - v = -3*h. List the prime factors of g.
3
What are the prime factors of 4/26 + (-2915)/(-65)?
3, 5
Let h(l) = l**3 - 4*l**2 - 5*l + 2. Let j be h(5). Let m be j/(-3)*6/(-1). Suppose 4*g + m*b = 80, -g + 2*b = b - 18. What are the prime factors of g?
19
Suppose 8*q - 3*q - 635 = -4*n, 3*n = 5*q - 635. List the prime factors of q.
127
Suppose 0*r = 4*r - 160. What are the prime factors of r?
2, 5
Let v = -2 + 5. Suppose -5*c - 5*f + 2*f + 259 = 0, v*f = -3*c + 159. What are the prime factors of c?
2, 5
Let f(y) = -16*y. Let q(k) = 31*k + 1. Let s(t) = -11*f(t) - 6*q(t). List the prime factors of s(-4).
2, 17
Let z(o) = o - 16. Let p be z(7). Let f = 11 + -14. Let j = f - p. List the prime factors of j.
2, 3
Let a(f) be the third derivative of -f**6/120 + f**5/12 - f**4/8 + f**3/3 + 3*f**2. List the prime factors of a(4).
2, 3
Suppose 2*d + 2 = -0*d. List the prime factors of -2*(d - (-15)/(-6)).
7
Let o = 21 - 19. Suppose 0 + 40 = o*b. What are the prime factors of b?
2, 5
Let t be 3*(2 + (-12)/9). Suppose f = -t*f + 48. List the prime factors of f.
2
Let r(l) = -2*l**3 + 3*l**2. Let p be r(2). Let q = p - -8. What are the prime factors of q?
2
Suppose 2*y - 4*y = -6. Suppose -36 = -4*n - 4*c, -2*c = n - 3 - y. What are the prime factors of n?
2, 3
Let b be (-126)/(-70)*(-10)/(-3). Suppose -46 = -4*n - 2. Let w = n - b. List the prime factors of w.
5
Let m = -57 - -96. Suppose -4*p - m = -7*p. List the prime factors of p.
13
Suppose x + 2*a - 56 = -x, 4*x - 107 = -3*a. Suppose 5*o - 7 - x = 0. What are the prime factors of o?
2, 3
Suppose x + y - 4 + 0 = 0, 3*y - 2 = 2*x. Let r = 28 + -10. Suppose s = -x*s + r. What are the prime factors of s?
2, 3
Let q be (10 + -2 - -3) + 2. What are the prime factors of q - 2/(2/3)?
2, 5
Let j = 13 - 6. What are the prime factors of j?
7
Suppose -j + 47 = 4*j - 2*a, 20 = 5*a. List the prime factors of j.
11
Suppose -290 = -5*m - 3*z, 49 = m + z - 9. What are the prime factors of m?
2, 29
Let i = -1 - -3. What are the prime factors of i/(-4)*-6 - -1?
2
Suppose q - 37 = -2*q + 2*f, -q = -5*f - 8. Let g = -9 + q. List the prime factors of g.
2
Suppose 52 + 0 = 4*p. What are the prime factors of p?
13
Let q = -45 - -70. List the prime factors of q.
5
List the prime factors of (1 + -29)*60/(-14).
2, 3, 5
List the prime factors of (-7)/(-1)*10 - -4.
2, 37
Let z(i) = i**2 - 2*i - 8. List the prime factors of z(6).
2
Suppose 10 = n - 3*n. Let a = 1 + n. Let f = a - -6. List the prime factors of f.
2
Suppose 4*k - 103 - 21 = -3*d, -3*k + 3*d = -93. What are the prime factors of k?
31
Suppose 0 = 30*o - 24*o - 1266. List the prime factors of o.
211
Suppose -u - 4*w = -98, -5*w = -3*w - 6. What are the prime factors of u?
2, 43
Suppose -2*u = -2*y - 3*y + 510, -u + 195 = 2*y. What are the prime factors of y?
2, 5
Let w(k) = k**3 - 6*k**2 + 4*k - 4. Let z be w(6). Suppose 0*i + 5 = -i, q - 2*i = z. List the prime factors of q.
2, 5
Let g = -57 - -88. List the prime factors of g.
31
Suppose -5*a + 45 = -0*a. Let y = 14 + -5. What are the prime factors of 2/a - (-52)/y?
2, 3
Let l be 